{"id":13703,"date":"2023-02-23T10:13:55","date_gmt":"2023-02-23T10:13:55","guid":{"rendered":"http:\/\/thebeatfreaks.pl\/?page_id=13703"},"modified":"2023-02-27T20:05:22","modified_gmt":"2023-02-27T20:05:22","slug":"stay-calm","status":"publish","type":"page","link":"https:\/\/thebeatfreaks.pl\/index.php\/stay-calm\/","title":{"rendered":"Stay Calm"},"content":{"rendered":"\t\t<div data-elementor-type=\"wp-page\" data-elementor-id=\"13703\" class=\"elementor elementor-13703\">\n\t\t\t\t\t\t<section class=\"elementor-section elementor-top-section elementor-element elementor-element-6fd68007 elementor-section-stretched elementor-section-boxed elementor-section-height-default elementor-section-height-default\" data-id=\"6fd68007\" data-element_type=\"section\" data-e-type=\"section\" data-settings=\"{&quot;stretch_section&quot;:&quot;section-stretched&quot;,&quot;background_background&quot;:&quot;classic&quot;}\">\n\t\t\t\t\t\t<div class=\"elementor-container elementor-column-gap-default\">\n\t\t\t\t\t<div class=\"elementor-column elementor-col-50 elementor-top-column elementor-element elementor-element-4a9cd63d\" data-id=\"4a9cd63d\" data-element_type=\"column\" data-e-type=\"column\">\n\t\t\t<div class=\"elementor-widget-wrap elementor-element-populated\">\n\t\t\t\t\t\t<div class=\"elementor-element elementor-element-8fe386e elementor-widget elementor-widget-image\" data-id=\"8fe386e\" data-element_type=\"widget\" data-e-type=\"widget\" data-widget_type=\"image.default\">\n\t\t\t\t<div class=\"elementor-widget-container\">\n\t\t\t\t\t\t\t\t\t\t\t\t\t\t\t<img fetchpriority=\"high\" decoding=\"async\" width=\"700\" height=\"700\" src=\"https:\/\/thebeatfreaks.pl\/wp-content\/uploads\/2023\/02\/Okladka-StayCalm.jpeg\" class=\"attachment-large size-large wp-image-84\" alt=\"\" srcset=\"https:\/\/thebeatfreaks.pl\/wp-content\/uploads\/2023\/02\/Okladka-StayCalm.jpeg 700w, https:\/\/thebeatfreaks.pl\/wp-content\/uploads\/2023\/02\/Okladka-StayCalm-300x300.jpeg 300w, https:\/\/thebeatfreaks.pl\/wp-content\/uploads\/2023\/02\/Okladka-StayCalm-150x150.jpeg 150w, https:\/\/thebeatfreaks.pl\/wp-content\/uploads\/2023\/02\/Okladka-StayCalm-640x640.jpeg 640w, https:\/\/thebeatfreaks.pl\/wp-content\/uploads\/2023\/02\/Okladka-StayCalm-50x50.jpeg 50w\" sizes=\"100vw\" \/>\t\t\t\t\t\t\t\t\t\t\t\t\t\t\t<\/div>\n\t\t\t\t<\/div>\n\t\t\t\t<div class=\"elementor-element elementor-element-45cd54d elementor-align-center elementor-widget elementor-widget-button\" data-id=\"45cd54d\" data-element_type=\"widget\" data-e-type=\"widget\" data-widget_type=\"button.default\">\n\t\t\t\t<div class=\"elementor-widget-container\">\n\t\t\t\t\t\t\t\t\t<div class=\"elementor-button-wrapper\">\n\t\t\t\t\t<a class=\"elementor-button elementor-button-link elementor-size-sm\" href=\"https:\/\/thebeatfreaks.bandcamp.com\/album\/stay-calm\">\n\t\t\t\t\t\t<span class=\"elementor-button-content-wrapper\">\n\t\t\t\t\t\t\t\t\t<span class=\"elementor-button-text\">KUP \/ POS\u0141UCHAJ<\/span>\n\t\t\t\t\t<\/span>\n\t\t\t\t\t<\/a>\n\t\t\t\t<\/div>\n\t\t\t\t\t\t\t\t<\/div>\n\t\t\t\t<\/div>\n\t\t\t\t\t<\/div>\n\t\t<\/div>\n\t\t\t\t<div class=\"elementor-column elementor-col-50 elementor-top-column elementor-element elementor-element-8cb559e\" data-id=\"8cb559e\" data-element_type=\"column\" data-e-type=\"column\">\n\t\t\t<div class=\"elementor-widget-wrap elementor-element-populated\">\n\t\t\t\t\t\t<div class=\"elementor-element elementor-element-229002ea elementor-widget elementor-widget-heading\" data-id=\"229002ea\" data-element_type=\"widget\" data-e-type=\"widget\" data-widget_type=\"heading.default\">\n\t\t\t\t<div class=\"elementor-widget-container\">\n\t\t\t\t\t<h2 class=\"elementor-heading-title elementor-size-default\">STAY CALM<\/h2>\t\t\t\t<\/div>\n\t\t\t\t<\/div>\n\t\t\t\t<div class=\"elementor-element elementor-element-6009cfe7 elementor-widget elementor-widget-text-editor\" data-id=\"6009cfe7\" data-element_type=\"widget\" data-e-type=\"widget\" data-widget_type=\"text-editor.default\">\n\t\t\t\t<div class=\"elementor-widget-container\">\n\t\t\t\t\t\t\t\t\t<p>\u201ePiosenki s\u0105 niewiarygodnie napisane i nieustannie ekscytuj\u0105 od pocz\u0105tku do ko\u0144ca.\u201d \u2013 Kira Grunenberg (Downbeat)<\/p>\n<p>Gdy na prze\u0142omie XVIII i XIX w. pojawia\u0142y si\u0119 pierwsze wzmianki o maszynie r\u00f3\u017cnicowej nikt nie s\u0105dzi\u0142, \u017ce prawie 200 lat p\u00f3\u017aniej zafascynuje ona czterech m\u0142odych artyst\u00f3w ze Szczecina, kt\u00f3rzy czerpa\u0107 b\u0119d\u0105 inspiracje z bogatego nurtu kultury Steampunk.<span class=\"Apple-converted-space\">\u00a0<\/span><\/p>\n<p>Post\u0119powe wizje rodem z epoki rozwoju maszyny parowej i techniki po\u0142\u0105czone z muzyczn\u0105 wra\u017cliwo\u015bci\u0105 i liryk\u0105 tworz\u0105 mieszank\u0119 tyle\u017c zaskakuj\u0105c\u0105 co porywaj\u0105c\u0105. Rytm b\u0119d\u0105cy podstaw\u0105 egzystencji sta\u0142 si\u0119 punktem wyj\u015bcia do \u015bwiata melodyjnych opowie\u015bci i nieograniczonych improwizacji, do kt\u00f3rego zapraszaj\u0105 muzycy The Beat Freaks.<\/p>\t\t\t\t\t\t\t\t<\/div>\n\t\t\t\t<\/div>\n\t\t\t\t\t<\/div>\n\t\t<\/div>\n\t\t\t\t\t<\/div>\n\t\t<\/section>\n\t\t\t\t<section class=\"elementor-section elementor-top-section elementor-element elementor-element-52dd7223 elementor-section-boxed elementor-section-height-default elementor-section-height-default\" data-id=\"52dd7223\" data-element_type=\"section\" data-e-type=\"section\">\n\t\t\t\t\t\t<div class=\"elementor-container elementor-column-gap-default\">\n\t\t\t\t\t<div class=\"elementor-column elementor-col-33 elementor-top-column elementor-element elementor-element-3aadeed0\" data-id=\"3aadeed0\" data-element_type=\"column\" data-e-type=\"column\">\n\t\t\t<div class=\"elementor-widget-wrap elementor-element-populated\">\n\t\t\t\t\t\t<div class=\"elementor-element elementor-element-536e8c90 elementor-widget elementor-widget-image\" data-id=\"536e8c90\" data-element_type=\"widget\" data-e-type=\"widget\" data-widget_type=\"image.default\">\n\t\t\t\t<div class=\"elementor-widget-container\">\n\t\t\t\t\t\t\t\t\t\t\t\t\t\t\t\t<a href=\"https:\/\/thebeatfreaks.pl\/index.php\/2023\/02\/27\/stay-calm\/\">\n\t\t\t\t\t\t\t<img decoding=\"async\" width=\"300\" height=\"93\" src=\"https:\/\/thebeatfreaks.pl\/wp-content\/uploads\/2023\/02\/Jaz_logo-wektor-ilustr-01-1-300x93.png\" class=\"attachment-medium size-medium wp-image-13713\" alt=\"\" srcset=\"https:\/\/thebeatfreaks.pl\/wp-content\/uploads\/2023\/02\/Jaz_logo-wektor-ilustr-01-1-300x93.png 300w, https:\/\/thebeatfreaks.pl\/wp-content\/uploads\/2023\/02\/Jaz_logo-wektor-ilustr-01-1-1024x318.png 1024w, https:\/\/thebeatfreaks.pl\/wp-content\/uploads\/2023\/02\/Jaz_logo-wektor-ilustr-01-1-768x238.png 768w, https:\/\/thebeatfreaks.pl\/wp-content\/uploads\/2023\/02\/Jaz_logo-wektor-ilustr-01-1.png 1485w\" sizes=\"100vw\" \/>\t\t\t\t\t\t\t\t<\/a>\n\t\t\t\t\t\t\t\t\t\t\t\t\t\t\t<\/div>\n\t\t\t\t<\/div>\n\t\t\t\t<div class=\"elementor-element elementor-element-18acc379 elementor-widget elementor-widget-text-editor\" data-id=\"18acc379\" data-element_type=\"widget\" data-e-type=\"widget\" data-widget_type=\"text-editor.default\">\n\t\t\t\t<div class=\"elementor-widget-container\">\n\t\t\t\t\t\t\t\t\t<p>&#8222;<span style=\"color: #343434; font-family: Helvetica; font-size: 13px; font-style: normal; background-color: #fbfbfb; letter-spacing: 0px;\">Na \u201eStay Calm\u201d dzieje si\u0119 bardzo du\u017co i doprawy pozazdro\u015bci\u0107 mo\u017cna tym muzykom kreatywno\u015bci i talentu melodycznego.<\/span><span style=\"letter-spacing: 0px; color: var( --e-global-color-primary );\">\u00a0&#8222;<\/span><\/p>\n<p>\u00a0 \u00a0 \u00a0 \u00a0 \u00a0 \u00a0 \u00a0 \u00a0 \u00a0 \u00a0 \u00a0 \u00a0 \u00a0 \u00a0 \u00a0 \u00a0 \u00a0 \u00a0 \u00a0 Marek Roma\u0144ski\u00a0<\/p>\t\t\t\t\t\t\t\t<\/div>\n\t\t\t\t<\/div>\n\t\t\t\t\t<\/div>\n\t\t<\/div>\n\t\t\t\t<div class=\"elementor-column elementor-col-33 elementor-top-column elementor-element elementor-element-67320f3e\" data-id=\"67320f3e\" data-element_type=\"column\" data-e-type=\"column\">\n\t\t\t<div class=\"elementor-widget-wrap elementor-element-populated\">\n\t\t\t\t\t\t<div class=\"elementor-element elementor-element-39d17d46 elementor-widget elementor-widget-image\" data-id=\"39d17d46\" data-element_type=\"widget\" data-e-type=\"widget\" data-widget_type=\"image.default\">\n\t\t\t\t<div class=\"elementor-widget-container\">\n\t\t\t\t\t\t\t\t\t\t\t\t\t\t\t\t<a href=\"https:\/\/polish-jazz.blogspot.com\/2019\/10\/the-beat-freaks-stay-calm-2019.html\">\n\t\t\t\t\t\t\t<img decoding=\"async\" width=\"300\" height=\"122\" src=\"https:\/\/thebeatfreaks.pl\/wp-content\/uploads\/2023\/02\/PolishJazz_big_on_white_no_glow-300x122.jpg\" class=\"attachment-medium size-medium wp-image-14010\" alt=\"\" srcset=\"https:\/\/thebeatfreaks.pl\/wp-content\/uploads\/2023\/02\/PolishJazz_big_on_white_no_glow-300x122.jpg 300w, https:\/\/thebeatfreaks.pl\/wp-content\/uploads\/2023\/02\/PolishJazz_big_on_white_no_glow-1024x415.jpg 1024w, https:\/\/thebeatfreaks.pl\/wp-content\/uploads\/2023\/02\/PolishJazz_big_on_white_no_glow-768x311.jpg 768w, https:\/\/thebeatfreaks.pl\/wp-content\/uploads\/2023\/02\/PolishJazz_big_on_white_no_glow-1536x622.jpg 1536w, https:\/\/thebeatfreaks.pl\/wp-content\/uploads\/2023\/02\/PolishJazz_big_on_white_no_glow-2048x830.jpg 2048w, https:\/\/thebeatfreaks.pl\/wp-content\/uploads\/2023\/02\/PolishJazz_big_on_white_no_glow-2000x810.jpg 2000w\" sizes=\"100vw\" \/>\t\t\t\t\t\t\t\t<\/a>\n\t\t\t\t\t\t\t\t\t\t\t\t\t\t\t<\/div>\n\t\t\t\t<\/div>\n\t\t\t\t<div class=\"elementor-element elementor-element-28628c55 elementor-widget elementor-widget-text-editor\" data-id=\"28628c55\" data-element_type=\"widget\" data-e-type=\"widget\" data-widget_type=\"text-editor.default\">\n\t\t\t\t<div class=\"elementor-widget-container\">\n\t\t\t\t\t\t\t\t\t<p>&#8222;\u00f3w muzyczny rollercoaster jest budowl\u0105 skonstruowan\u0105 w spos\u00f3b przemy\u015blany. &#8222;<\/p>\n<p>\u00a0 \u00a0 \u00a0 \u00a0 \u00a0 \u00a0 \u00a0 \u00a0 \u00a0 \u00a0 \u00a0 \u00a0 \u00a0Krzysztof Komorek<\/p>\t\t\t\t\t\t\t\t<\/div>\n\t\t\t\t<\/div>\n\t\t\t\t\t<\/div>\n\t\t<\/div>\n\t\t\t\t<div class=\"elementor-column elementor-col-33 elementor-top-column elementor-element elementor-element-1bfa969e\" data-id=\"1bfa969e\" data-element_type=\"column\" data-e-type=\"column\">\n\t\t\t<div class=\"elementor-widget-wrap elementor-element-populated\">\n\t\t\t\t\t\t<div class=\"elementor-element elementor-element-651d0802 elementor-widget elementor-widget-image\" data-id=\"651d0802\" data-element_type=\"widget\" data-e-type=\"widget\" data-widget_type=\"image.default\">\n\t\t\t\t<div class=\"elementor-widget-container\">\n\t\t\t\t\t\t\t\t\t\t\t\t\t\t\t\t<a href=\"https:\/\/thebeatfreaks.pl\/index.php\/2023\/02\/27\/dont-panic-stay-calm\/\">\n\t\t\t\t\t\t\t<img loading=\"lazy\" decoding=\"async\" width=\"300\" height=\"131\" src=\"https:\/\/thebeatfreaks.pl\/wp-content\/uploads\/2023\/02\/Nick-L.-TDPN-Logo-transparent-300x131.png\" class=\"attachment-medium size-medium wp-image-14252\" alt=\"\" srcset=\"https:\/\/thebeatfreaks.pl\/wp-content\/uploads\/2023\/02\/Nick-L.-TDPN-Logo-transparent-300x131.png 300w, https:\/\/thebeatfreaks.pl\/wp-content\/uploads\/2023\/02\/Nick-L.-TDPN-Logo-transparent-1024x448.png 1024w, https:\/\/thebeatfreaks.pl\/wp-content\/uploads\/2023\/02\/Nick-L.-TDPN-Logo-transparent-768x336.png 768w, https:\/\/thebeatfreaks.pl\/wp-content\/uploads\/2023\/02\/Nick-L.-TDPN-Logo-transparent-1536x672.png 1536w, https:\/\/thebeatfreaks.pl\/wp-content\/uploads\/2023\/02\/Nick-L.-TDPN-Logo-transparent-2048x896.png 2048w, https:\/\/thebeatfreaks.pl\/wp-content\/uploads\/2023\/02\/Nick-L.-TDPN-Logo-transparent-2000x875.png 2000w\" sizes=\"100vw\" \/>\t\t\t\t\t\t\t\t<\/a>\n\t\t\t\t\t\t\t\t\t\t\t\t\t\t\t<\/div>\n\t\t\t\t<\/div>\n\t\t\t\t<div class=\"elementor-element elementor-element-300cc915 elementor-widget elementor-widget-text-editor\" data-id=\"300cc915\" data-element_type=\"widget\" data-e-type=\"widget\" data-widget_type=\"text-editor.default\">\n\t\t\t\t<div class=\"elementor-widget-container\">\n\t\t\t\t\t\t\t\t\t<p>&#8222;<span style=\"color: #343434; font-family: Helvetica; font-size: 13px; font-style: normal; background-color: #fbfbfb; letter-spacing: 0px;\">Stay Calm podtrzymuj\u0105 solidne stylistyczne filary free jazzu i swingu, a tak\u017ce wyra\u017ane uznanie dla \u00a0szalonych podstaw matematyki&#8221;<\/span><\/p>\n<p>\u00a0 \u00a0 \u00a0 \u00a0 \u00a0 \u00a0 \u00a0 \u00a0 \u00a0 \u00a0 \u00a0 \u00a0 \u00a0 \u00a0 \u00a0 \u00a0 \u00a0 \u00a0 \u00a0Kira Grunenberg<\/p>\t\t\t\t\t\t\t\t<\/div>\n\t\t\t\t<\/div>\n\t\t\t\t\t<\/div>\n\t\t<\/div>\n\t\t\t\t\t<\/div>\n\t\t<\/section>\n\t\t\t\t<section class=\"elementor-section elementor-top-section elementor-element elementor-element-25a04678 elementor-section-stretched elementor-section-boxed elementor-section-height-default elementor-section-height-default\" data-id=\"25a04678\" data-element_type=\"section\" data-e-type=\"section\" data-settings=\"{&quot;stretch_section&quot;:&quot;section-stretched&quot;,&quot;background_background&quot;:&quot;classic&quot;}\">\n\t\t\t\t\t\t<div class=\"elementor-container elementor-column-gap-default\">\n\t\t\t\t\t<div class=\"elementor-column elementor-col-100 elementor-top-column elementor-element elementor-element-56a04298\" data-id=\"56a04298\" data-element_type=\"column\" data-e-type=\"column\">\n\t\t\t<div class=\"elementor-widget-wrap elementor-element-populated\">\n\t\t\t\t\t\t<div class=\"elementor-element elementor-element-669e0ada elementor-widget elementor-widget-video\" data-id=\"669e0ada\" data-element_type=\"widget\" data-e-type=\"widget\" data-settings=\"{&quot;youtube_url&quot;:&quot;https:\\\/\\\/www.youtube.com\\\/watch?v=3JtsN9Yc0VE&quot;,&quot;video_type&quot;:&quot;youtube&quot;,&quot;controls&quot;:&quot;yes&quot;}\" data-widget_type=\"video.default\">\n\t\t\t\t<div class=\"elementor-widget-container\">\n\t\t\t\t\t\t\t<div class=\"elementor-wrapper elementor-open-inline\">\n\t\t\t<div class=\"elementor-video\"><\/div>\t\t<\/div>\n\t\t\t\t\t\t<\/div>\n\t\t\t\t<\/div>\n\t\t\t\t<div class=\"elementor-element elementor-element-2aa36d5 elementor-widget elementor-widget-video\" data-id=\"2aa36d5\" data-element_type=\"widget\" data-e-type=\"widget\" data-settings=\"{&quot;youtube_url&quot;:&quot;https:\\\/\\\/www.youtube.com\\\/watch?v=OsHPvw3Tugs&quot;,&quot;video_type&quot;:&quot;youtube&quot;,&quot;controls&quot;:&quot;yes&quot;}\" data-widget_type=\"video.default\">\n\t\t\t\t<div class=\"elementor-widget-container\">\n\t\t\t\t\t\t\t<div class=\"elementor-wrapper elementor-open-inline\">\n\t\t\t<div class=\"elementor-video\"><\/div>\t\t<\/div>\n\t\t\t\t\t\t<\/div>\n\t\t\t\t<\/div>\n\t\t\t\t\t<\/div>\n\t\t<\/div>\n\t\t\t\t\t<\/div>\n\t\t<\/section>\n\t\t\t\t<section class=\"elementor-section elementor-top-section elementor-element elementor-element-3d9e94a5 elementor-section-stretched elementor-section-boxed elementor-section-height-default elementor-section-height-default\" data-id=\"3d9e94a5\" data-element_type=\"section\" data-e-type=\"section\" data-settings=\"{&quot;stretch_section&quot;:&quot;section-stretched&quot;,&quot;background_background&quot;:&quot;classic&quot;}\">\n\t\t\t\t\t\t<div class=\"elementor-container elementor-column-gap-default\">\n\t\t\t\t\t<div class=\"elementor-column elementor-col-100 elementor-top-column elementor-element elementor-element-130b48f2\" data-id=\"130b48f2\" data-element_type=\"column\" data-e-type=\"column\">\n\t\t\t<div class=\"elementor-widget-wrap elementor-element-populated\">\n\t\t\t\t\t\t<div class=\"elementor-element elementor-element-b4d5493 elementor-widget elementor-widget-shortcode\" data-id=\"b4d5493\" data-element_type=\"widget\" data-e-type=\"widget\" data-widget_type=\"shortcode.default\">\n\t\t\t\t<div class=\"elementor-widget-container\">\n\t\t\t\t\t\t\t<div class=\"elementor-shortcode\"><iframe style=\"border-radius:12px\" src=\"https:\/\/open.spotify.com\/embed\/album\/4hP7WfLFgsdriJRgXdWzlj?utm_source=generator\" width=\"100%\" height=\"352\" frameBorder=\"0\" allowfullscreen=\"\" allow=\"autoplay; clipboard-write; encrypted-media; fullscreen; picture-in-picture\" loading=\"lazy\"><\/iframe><\/div>\n\t\t\t\t\t\t<\/div>\n\t\t\t\t<\/div>\n\t\t\t\t\t<\/div>\n\t\t<\/div>\n\t\t\t\t\t<\/div>\n\t\t<\/section>\n\t\t\t\t<section class=\"elementor-section elementor-top-section elementor-element elementor-element-7481980 elementor-section-content-middle elementor-section-stretched elementor-section-boxed elementor-section-height-default elementor-section-height-default\" data-id=\"7481980\" data-element_type=\"section\" data-e-type=\"section\" data-settings=\"{&quot;stretch_section&quot;:&quot;section-stretched&quot;,&quot;background_background&quot;:&quot;classic&quot;}\">\n\t\t\t\t\t\t<div class=\"elementor-container elementor-column-gap-default\">\n\t\t\t\t\t<div class=\"elementor-column elementor-col-100 elementor-top-column elementor-element elementor-element-7989c60d\" data-id=\"7989c60d\" data-element_type=\"column\" data-e-type=\"column\">\n\t\t\t<div class=\"elementor-widget-wrap elementor-element-populated\">\n\t\t\t\t\t\t<div class=\"elementor-element elementor-element-2854ed99 elementor-widget elementor-widget-heading\" data-id=\"2854ed99\" data-element_type=\"widget\" data-e-type=\"widget\" data-widget_type=\"heading.default\">\n\t\t\t\t<div class=\"elementor-widget-container\">\n\t\t\t\t\t<h5 class=\"elementor-heading-title elementor-size-medium\">Nuty do pobrania<\/h5>\t\t\t\t<\/div>\n\t\t\t\t<\/div>\n\t\t\t\t\t<\/div>\n\t\t<\/div>\n\t\t\t\t\t<\/div>\n\t\t<\/section>\n\t\t\t\t<section class=\"elementor-section elementor-top-section elementor-element elementor-element-5628a13f elementor-section-stretched elementor-section-boxed elementor-section-height-default elementor-section-height-default\" data-id=\"5628a13f\" data-element_type=\"section\" data-e-type=\"section\" data-settings=\"{&quot;stretch_section&quot;:&quot;section-stretched&quot;,&quot;background_background&quot;:&quot;classic&quot;}\">\n\t\t\t\t\t\t<div class=\"elementor-container elementor-column-gap-default\">\n\t\t\t\t\t<div class=\"elementor-column elementor-col-33 elementor-top-column elementor-element elementor-element-280eb767\" data-id=\"280eb767\" data-element_type=\"column\" data-e-type=\"column\">\n\t\t\t<div class=\"elementor-widget-wrap elementor-element-populated\">\n\t\t\t\t\t\t<div class=\"elementor-element elementor-element-3e6a65cd elementor-widget elementor-widget-text-editor\" data-id=\"3e6a65cd\" data-element_type=\"widget\" data-e-type=\"widget\" data-widget_type=\"text-editor.default\">\n\t\t\t\t<div class=\"elementor-widget-container\">\n\t\t\t\t\t\t\t\t\t<p>Work At Heights<\/p>\t\t\t\t\t\t\t\t<\/div>\n\t\t\t\t<\/div>\n\t\t\t\t\t<\/div>\n\t\t<\/div>\n\t\t\t\t<div class=\"elementor-column elementor-col-66 elementor-top-column elementor-element elementor-element-112923c\" data-id=\"112923c\" data-element_type=\"column\" data-e-type=\"column\">\n\t\t\t<div class=\"elementor-widget-wrap elementor-element-populated\">\n\t\t\t\t\t\t<div class=\"elementor-element elementor-element-155327ab elementor-widget elementor-widget-shortcode\" data-id=\"155327ab\" data-element_type=\"widget\" data-e-type=\"widget\" data-widget_type=\"shortcode.default\">\n\t\t\t\t<div class=\"elementor-widget-container\">\n\t\t\t\t\t\t\t<div class=\"elementor-shortcode\"><div class=\"sdm_download_button_box_default\"><div class=\"sdm_download_link\"><a href=\"https:\/\/thebeatfreaks.pl\/?sdm_process_download=1&download_id=14215\" class=\"sdm_download grey\" title=\"Work At Height (Full Score)\" >Download Now!<\/a><\/div><\/div><\/div>\n\t\t\t\t\t\t<\/div>\n\t\t\t\t<\/div>\n\t\t\t\t\t<\/div>\n\t\t<\/div>\n\t\t\t\t\t<\/div>\n\t\t<\/section>\n\t\t\t\t<section class=\"elementor-section elementor-top-section elementor-element elementor-element-750f33f elementor-section-stretched elementor-section-boxed elementor-section-height-default elementor-section-height-default\" data-id=\"750f33f\" data-element_type=\"section\" data-e-type=\"section\" data-settings=\"{&quot;stretch_section&quot;:&quot;section-stretched&quot;,&quot;background_background&quot;:&quot;classic&quot;}\">\n\t\t\t\t\t\t<div class=\"elementor-container elementor-column-gap-default\">\n\t\t\t\t\t<div class=\"elementor-column elementor-col-33 elementor-top-column elementor-element elementor-element-9bc593c\" data-id=\"9bc593c\" data-element_type=\"column\" data-e-type=\"column\">\n\t\t\t<div class=\"elementor-widget-wrap elementor-element-populated\">\n\t\t\t\t\t\t<div class=\"elementor-element elementor-element-5b096e6 elementor-widget elementor-widget-text-editor\" data-id=\"5b096e6\" data-element_type=\"widget\" data-e-type=\"widget\" data-widget_type=\"text-editor.default\">\n\t\t\t\t<div class=\"elementor-widget-container\">\n\t\t\t\t\t\t\t\t\t<p>Breakwater<\/p>\t\t\t\t\t\t\t\t<\/div>\n\t\t\t\t<\/div>\n\t\t\t\t\t<\/div>\n\t\t<\/div>\n\t\t\t\t<div class=\"elementor-column elementor-col-66 elementor-top-column elementor-element elementor-element-5c1e8de\" data-id=\"5c1e8de\" data-element_type=\"column\" data-e-type=\"column\">\n\t\t\t<div class=\"elementor-widget-wrap elementor-element-populated\">\n\t\t\t\t\t\t<div class=\"elementor-element elementor-element-30db4ba elementor-widget elementor-widget-shortcode\" data-id=\"30db4ba\" data-element_type=\"widget\" data-e-type=\"widget\" data-widget_type=\"shortcode.default\">\n\t\t\t\t<div class=\"elementor-widget-container\">\n\t\t\t\t\t\t\t<div class=\"elementor-shortcode\"><div class=\"sdm_download_button_box_default\"><div class=\"sdm_download_link\"><a href=\"https:\/\/thebeatfreaks.pl\/?sdm_process_download=1&download_id=14132\" class=\"sdm_download grey\" title=\"Breakwater &#8211; full score\" >Download Now!<\/a><\/div><\/div><\/div>\n\t\t\t\t\t\t<\/div>\n\t\t\t\t<\/div>\n\t\t\t\t\t<\/div>\n\t\t<\/div>\n\t\t\t\t\t<\/div>\n\t\t<\/section>\n\t\t\t\t<section class=\"elementor-section elementor-top-section elementor-element elementor-element-da8fe1b elementor-section-stretched elementor-section-boxed elementor-section-height-default elementor-section-height-default\" data-id=\"da8fe1b\" data-element_type=\"section\" data-e-type=\"section\" data-settings=\"{&quot;stretch_section&quot;:&quot;section-stretched&quot;,&quot;background_background&quot;:&quot;classic&quot;}\">\n\t\t\t\t\t\t<div class=\"elementor-container elementor-column-gap-default\">\n\t\t\t\t\t<div class=\"elementor-column elementor-col-33 elementor-top-column elementor-element elementor-element-f48c175\" data-id=\"f48c175\" data-element_type=\"column\" data-e-type=\"column\">\n\t\t\t<div class=\"elementor-widget-wrap elementor-element-populated\">\n\t\t\t\t\t\t<div class=\"elementor-element elementor-element-516f873 elementor-widget elementor-widget-text-editor\" data-id=\"516f873\" data-element_type=\"widget\" data-e-type=\"widget\" data-widget_type=\"text-editor.default\">\n\t\t\t\t<div class=\"elementor-widget-container\">\n\t\t\t\t\t\t\t\t\t<p>First Steps On A Lonely Planet<\/p>\t\t\t\t\t\t\t\t<\/div>\n\t\t\t\t<\/div>\n\t\t\t\t\t<\/div>\n\t\t<\/div>\n\t\t\t\t<div class=\"elementor-column elementor-col-66 elementor-top-column elementor-element elementor-element-4917b1b\" data-id=\"4917b1b\" data-element_type=\"column\" data-e-type=\"column\">\n\t\t\t<div class=\"elementor-widget-wrap elementor-element-populated\">\n\t\t\t\t\t\t<div class=\"elementor-element elementor-element-d69c241 elementor-widget elementor-widget-shortcode\" data-id=\"d69c241\" data-element_type=\"widget\" data-e-type=\"widget\" data-widget_type=\"shortcode.default\">\n\t\t\t\t<div class=\"elementor-widget-container\">\n\t\t\t\t\t\t\t<div class=\"elementor-shortcode\"><div class=\"sdm_download_button_box_default\"><div class=\"sdm_download_link\"><a href=\"https:\/\/thebeatfreaks.pl\/?sdm_process_download=1&download_id=14137\" class=\"sdm_download grey\" title=\"First Steps On A Lonely Planet\" >Download Now!<\/a><\/div><\/div><\/div>\n\t\t\t\t\t\t<\/div>\n\t\t\t\t<\/div>\n\t\t\t\t\t<\/div>\n\t\t<\/div>\n\t\t\t\t\t<\/div>\n\t\t<\/section>\n\t\t\t\t<section class=\"elementor-section elementor-top-section elementor-element elementor-element-5f1aefff elementor-section-stretched elementor-section-boxed elementor-section-height-default elementor-section-height-default\" data-id=\"5f1aefff\" data-element_type=\"section\" data-e-type=\"section\" data-settings=\"{&quot;stretch_section&quot;:&quot;section-stretched&quot;,&quot;background_background&quot;:&quot;classic&quot;}\">\n\t\t\t\t\t\t<div class=\"elementor-container elementor-column-gap-default\">\n\t\t\t\t\t<div class=\"elementor-column elementor-col-100 elementor-top-column elementor-element elementor-element-2f6ca054\" data-id=\"2f6ca054\" data-element_type=\"column\" data-e-type=\"column\">\n\t\t\t<div class=\"elementor-widget-wrap\">\n\t\t\t\t\t\t\t<\/div>\n\t\t<\/div>\n\t\t\t\t\t<\/div>\n\t\t<\/section>\n\t\t\t\t<\/div>\n\t\t","protected":false},"excerpt":{"rendered":"<p>KUP \/ POS\u0141UCHAJ STAY CALM \u201ePiosenki s\u0105 niewiarygodnie napisane i nieustannie ekscytuj\u0105 od pocz\u0105tku do ko\u0144ca.\u201d \u2013 Kira Grunenberg (Downbeat) Gdy na prze\u0142omie XVIII i XIX w. pojawia\u0142y si\u0119 pierwsze &hellip; <\/p>\n<p class=\"link-more\"><a href=\"https:\/\/thebeatfreaks.pl\/index.php\/stay-calm\/\" class=\"more-link\">Read more<span class=\"screen-reader-text\"> &#8222;Stay Calm&#8221;<\/span><\/a><\/p>\n","protected":false},"author":1,"featured_media":14306,"parent":0,"menu_order":0,"comment_status":"closed","ping_status":"closed","template":"page-templates\/full-width-builder-bb.php","meta":{"ngg_post_thumbnail":0,"footnotes":""},"class_list":["post-13703","page","type-page","status-publish","has-post-thumbnail","hentry"],"jetpack-related-posts":[],"jetpack_sharing_enabled":true,"_links":{"self":[{"href":"https:\/\/thebeatfreaks.pl\/index.php\/wp-json\/wp\/v2\/pages\/13703","targetHints":{"allow":["GET"]}}],"collection":[{"href":"https:\/\/thebeatfreaks.pl\/index.php\/wp-json\/wp\/v2\/pages"}],"about":[{"href":"https:\/\/thebeatfreaks.pl\/index.php\/wp-json\/wp\/v2\/types\/page"}],"author":[{"embeddable":true,"href":"https:\/\/thebeatfreaks.pl\/index.php\/wp-json\/wp\/v2\/users\/1"}],"replies":[{"embeddable":true,"href":"https:\/\/thebeatfreaks.pl\/index.php\/wp-json\/wp\/v2\/comments?post=13703"}],"version-history":[{"count":17,"href":"https:\/\/thebeatfreaks.pl\/index.php\/wp-json\/wp\/v2\/pages\/13703\/revisions"}],"predecessor-version":[{"id":14316,"href":"https:\/\/thebeatfreaks.pl\/index.php\/wp-json\/wp\/v2\/pages\/13703\/revisions\/14316"}],"wp:featuredmedia":[{"embeddable":true,"href":"https:\/\/thebeatfreaks.pl\/index.php\/wp-json\/wp\/v2\/media\/14306"}],"wp:attachment":[{"href":"https:\/\/thebeatfreaks.pl\/index.php\/wp-json\/wp\/v2\/media?parent=13703"}],"curies":[{"name":"wp","href":"https:\/\/api.w.org\/{rel}","templated":true}]}}