{"id":14587,"date":"2025-02-27T23:47:40","date_gmt":"2025-02-27T23:47:40","guid":{"rendered":"https:\/\/thebeatfreaks.pl\/?page_id=14587"},"modified":"2025-02-28T00:17:49","modified_gmt":"2025-02-28T00:17:49","slug":"mechanics","status":"publish","type":"page","link":"https:\/\/thebeatfreaks.pl\/index.php\/mechanics\/","title":{"rendered":"mechanics"},"content":{"rendered":"\t\t<div data-elementor-type=\"wp-page\" data-elementor-id=\"14587\" class=\"elementor elementor-14587\">\n\t\t\t\t\t\t<section class=\"elementor-section elementor-top-section elementor-element elementor-element-64041dc elementor-section-stretched elementor-section-boxed elementor-section-height-default elementor-section-height-default\" data-id=\"64041dc\" data-element_type=\"section\" data-e-type=\"section\" data-settings=\"{&quot;stretch_section&quot;:&quot;section-stretched&quot;,&quot;background_background&quot;:&quot;classic&quot;}\">\n\t\t\t\t\t\t<div class=\"elementor-container elementor-column-gap-default\">\n\t\t\t\t\t<div class=\"elementor-column elementor-col-100 elementor-top-column elementor-element elementor-element-6c99948\" data-id=\"6c99948\" data-element_type=\"column\" data-e-type=\"column\">\n\t\t\t<div class=\"elementor-widget-wrap elementor-element-populated\">\n\t\t\t\t\t\t<section class=\"elementor-section elementor-inner-section elementor-element elementor-element-c83a2f7 elementor-section-boxed elementor-section-height-default elementor-section-height-default\" data-id=\"c83a2f7\" data-element_type=\"section\" data-e-type=\"section\">\n\t\t\t\t\t\t<div class=\"elementor-container elementor-column-gap-default\">\n\t\t\t\t\t<div class=\"elementor-column elementor-col-50 elementor-inner-column elementor-element elementor-element-fa199ff\" data-id=\"fa199ff\" data-element_type=\"column\" data-e-type=\"column\">\n\t\t\t<div class=\"elementor-widget-wrap elementor-element-populated\">\n\t\t\t\t\t\t<div class=\"elementor-element elementor-element-ff599ee elementor-widget elementor-widget-heading\" data-id=\"ff599ee\" data-element_type=\"widget\" data-e-type=\"widget\" data-widget_type=\"heading.default\">\n\t\t\t\t<div class=\"elementor-widget-container\">\n\t\t\t\t\t<h2 class=\"elementor-heading-title elementor-size-default\">MECHANICS OF NATURE<\/h2>\t\t\t\t<\/div>\n\t\t\t\t<\/div>\n\t\t\t\t<div class=\"elementor-element elementor-element-915206e elementor-widget elementor-widget-text-editor\" data-id=\"915206e\" data-element_type=\"widget\" data-e-type=\"widget\" data-widget_type=\"text-editor.default\">\n\t\t\t\t<div class=\"elementor-widget-container\">\n\t\t\t\t\t\t\t\t\t<p><i>\u201cThere is a way that nature speaks, that land speaks. Most of the time we are simply not patient enough, quiet enough, to pay attention to the story.\u201d<\/i><\/p><p><i><span class=\"Apple-converted-space\">\u00a0 \u00a0 \u00a0 \u00a0 \u00a0 \u00a0 \u00a0 \u00a0 \u00a0 \u00a0 \u00a0 \u00a0 \u00a0 \u00a0 \u00a0 \u00a0 \u00a0 \u00a0 \u00a0 \u00a0 \u00a0 \u00a0 \u00a0 \u00a0 \u00a0 \u00a0 \u00a0 \u00a0 \u00a0 \u00a0 \u00a0 \u00a0 \u00a0 \u00a0 \u00a0 \u00a0 \u00a0 \u00a0 \u00a0 \u00a0 \u00a0 \u00a0 \u00a0 \u00a0 \u00a0 \u00a0 \u00a0 \u00a0 \u00a0<\/span>Linda Hogan<\/i><\/p>\t\t\t\t\t\t\t\t<\/div>\n\t\t\t\t<\/div>\n\t\t\t\t<div class=\"elementor-element elementor-element-933ccb5 elementor-widget elementor-widget-text-editor\" data-id=\"933ccb5\" data-element_type=\"widget\" data-e-type=\"widget\" data-widget_type=\"text-editor.default\">\n\t\t\t\t<div class=\"elementor-widget-container\">\n\t\t\t\t\t\t\t\t\t<p><b>\u201eThe Mechanics of Nature\u201d<\/b> to trzecia studyjna p\u0142yta The Beat Freaks, nie licz\u0105c muzyki do filmu \u201eZamoyski &#8211; Rze\u017abiarz z kamer\u0105\u201d.<br \/>Inspiracj\u0105 dla muzyk\u00f3w by\u0142a natura, jej pi\u0119kno, z\u0142o\u017cono\u015b\u0107, nieprzebwidzialno\u015b\u0107, skrajno\u015b\u0107, d\u017awi\u0119ki oraz mechanizmy, kt\u00f3re nieprzerwanie j\u0105 reguluj\u0105. Natura przemawia do nas nieustannie &#8211; muzycy starali si\u0119 uchwyci\u0107 jej przes\u0142anie i przekaza\u0107 go swoim d\u017awi\u0119kami. Mimo osi\u0105gni\u0119\u0107 cywilizacji to Natura wci\u0105\u017c determinuje \u017cycie cz\u0142owieka a ziemia ostatnio coraz cz\u0119\u015bciej ostrzega by\u015bmy nie posuwali si\u0119 za daleko. Jest pi\u0119kna ale potrafi by\u0107 te\u017c zab\u00f3jcza. Tak\u017ce te skrajno\u015bci muzycy chcieli przekaza\u0107 swoimi d\u017awi\u0119kami.<\/p>\t\t\t\t\t\t\t\t<\/div>\n\t\t\t\t<\/div>\n\t\t\t\t\t<\/div>\n\t\t<\/div>\n\t\t\t\t<div class=\"elementor-column elementor-col-50 elementor-inner-column elementor-element elementor-element-9af20d8\" data-id=\"9af20d8\" data-element_type=\"column\" data-e-type=\"column\">\n\t\t\t<div class=\"elementor-widget-wrap elementor-element-populated\">\n\t\t\t\t\t\t<div class=\"elementor-element elementor-element-f19ae47 elementor-widget elementor-widget-image\" data-id=\"f19ae47\" data-element_type=\"widget\" data-e-type=\"widget\" data-widget_type=\"image.default\">\n\t\t\t\t<div class=\"elementor-widget-container\">\n\t\t\t\t\t\t\t\t\t\t\t\t\t\t\t<img fetchpriority=\"high\" decoding=\"async\" width=\"768\" height=\"672\" src=\"https:\/\/thebeatfreaks.pl\/wp-content\/uploads\/2025\/02\/Okladka_TBF_Mechanics.jpg\" class=\"attachment-medium_large size-medium_large wp-image-14589\" alt=\"\" srcset=\"https:\/\/thebeatfreaks.pl\/wp-content\/uploads\/2025\/02\/Okladka_TBF_Mechanics.jpg 1500w, https:\/\/thebeatfreaks.pl\/wp-content\/uploads\/2025\/02\/Okladka_TBF_Mechanics-300x262.jpg 300w, https:\/\/thebeatfreaks.pl\/wp-content\/uploads\/2025\/02\/Okladka_TBF_Mechanics-1024x896.jpg 1024w\" sizes=\"100vw\" \/>\t\t\t\t\t\t\t\t\t\t\t\t\t\t\t<\/div>\n\t\t\t\t<\/div>\n\t\t\t\t<div class=\"elementor-element elementor-element-1c3ea91 elementor-align-center elementor-widget elementor-widget-button\" data-id=\"1c3ea91\" data-element_type=\"widget\" data-e-type=\"widget\" data-widget_type=\"button.default\">\n\t\t\t\t<div class=\"elementor-widget-container\">\n\t\t\t\t\t\t\t\t\t<div class=\"elementor-button-wrapper\">\n\t\t\t\t\t<a class=\"elementor-button elementor-button-link elementor-size-sm\" href=\"https:\/\/thebeatfreaks.bandcamp.com\/album\/mechanics-of-nature\">\n\t\t\t\t\t\t<span class=\"elementor-button-content-wrapper\">\n\t\t\t\t\t\t\t\t\t<span class=\"elementor-button-text\">KUP \/ POS\u0141UCHAJ<\/span>\n\t\t\t\t\t<\/span>\n\t\t\t\t\t<\/a>\n\t\t\t\t<\/div>\n\t\t\t\t\t\t\t\t<\/div>\n\t\t\t\t<\/div>\n\t\t\t\t\t<\/div>\n\t\t<\/div>\n\t\t\t\t\t<\/div>\n\t\t<\/section>\n\t\t\t\t\t<\/div>\n\t\t<\/div>\n\t\t\t\t\t<\/div>\n\t\t<\/section>\n\t\t\t\t<section class=\"elementor-section elementor-top-section elementor-element elementor-element-c27e42c elementor-section-boxed elementor-section-height-default elementor-section-height-default\" data-id=\"c27e42c\" data-element_type=\"section\" data-e-type=\"section\">\n\t\t\t\t\t\t<div class=\"elementor-container elementor-column-gap-default\">\n\t\t\t\t\t<div class=\"elementor-column elementor-col-100 elementor-top-column elementor-element elementor-element-dad2c8d\" data-id=\"dad2c8d\" data-element_type=\"column\" data-e-type=\"column\">\n\t\t\t<div class=\"elementor-widget-wrap elementor-element-populated\">\n\t\t\t\t\t\t<section class=\"elementor-section elementor-inner-section elementor-element elementor-element-ca868e4 elementor-section-boxed elementor-section-height-default elementor-section-height-default\" data-id=\"ca868e4\" data-element_type=\"section\" data-e-type=\"section\">\n\t\t\t\t\t\t<div class=\"elementor-container elementor-column-gap-default\">\n\t\t\t\t\t<div class=\"elementor-column elementor-col-33 elementor-inner-column elementor-element elementor-element-56dbfdd\" data-id=\"56dbfdd\" data-element_type=\"column\" data-e-type=\"column\">\n\t\t\t<div class=\"elementor-widget-wrap elementor-element-populated\">\n\t\t\t\t\t\t<div class=\"elementor-element elementor-element-e02cece elementor-widget elementor-widget-image\" data-id=\"e02cece\" data-element_type=\"widget\" data-e-type=\"widget\" data-widget_type=\"image.default\">\n\t\t\t\t<div class=\"elementor-widget-container\">\n\t\t\t\t\t\t\t\t\t\t\t\t\t\t\t<img decoding=\"async\" width=\"436\" height=\"170\" src=\"https:\/\/thebeatfreaks.pl\/wp-content\/uploads\/2023\/02\/JazzPress.png\" class=\"attachment-large size-large wp-image-13715\" alt=\"\" srcset=\"https:\/\/thebeatfreaks.pl\/wp-content\/uploads\/2023\/02\/JazzPress.png 436w, https:\/\/thebeatfreaks.pl\/wp-content\/uploads\/2023\/02\/JazzPress-300x117.png 300w\" sizes=\"100vw\" \/>\t\t\t\t\t\t\t\t\t\t\t\t\t\t\t<\/div>\n\t\t\t\t<\/div>\n\t\t\t\t<div class=\"elementor-element elementor-element-8601bb9 elementor-widget elementor-widget-text-editor\" data-id=\"8601bb9\" data-element_type=\"widget\" data-e-type=\"widget\" data-widget_type=\"text-editor.default\">\n\t\t\t\t<div class=\"elementor-widget-container\">\n\t\t\t\t\t\t\t\t\t<p>\u201eMechanics<i> of Nature to bardzo nastrojowa, czu\u0142a, oddychaja\u0328ca muzyka<\/i><i><span class=\"Apple-converted-space\">\u00a0<\/span>i z pewnos\u0301cia\u0328 najciekawsza pozycja w dorobku The Beat Freaks\u201d<span class=\"Apple-converted-space\">\u00a0<\/span><\/i><\/p><p><i>Mateusz Sroczy\u0144ski (Jazz Press)<\/i><\/p>\t\t\t\t\t\t\t\t<\/div>\n\t\t\t\t<\/div>\n\t\t\t\t\t<\/div>\n\t\t<\/div>\n\t\t\t\t<div class=\"elementor-column elementor-col-33 elementor-inner-column elementor-element elementor-element-13002a6\" data-id=\"13002a6\" data-element_type=\"column\" data-e-type=\"column\">\n\t\t\t<div class=\"elementor-widget-wrap elementor-element-populated\">\n\t\t\t\t\t\t<div class=\"elementor-element elementor-element-89dd5d8 elementor-widget elementor-widget-image\" data-id=\"89dd5d8\" data-element_type=\"widget\" data-e-type=\"widget\" data-widget_type=\"image.default\">\n\t\t\t\t<div class=\"elementor-widget-container\">\n\t\t\t\t\t\t\t\t\t\t\t\t\t\t\t<img decoding=\"async\" width=\"950\" height=\"385\" src=\"https:\/\/thebeatfreaks.pl\/wp-content\/uploads\/2023\/02\/PolishJazz_big_on_white_no_glow-1024x415.jpg\" class=\"attachment-large size-large wp-image-14010\" alt=\"\" srcset=\"https:\/\/thebeatfreaks.pl\/wp-content\/uploads\/2023\/02\/PolishJazz_big_on_white_no_glow-1024x415.jpg 1024w, https:\/\/thebeatfreaks.pl\/wp-content\/uploads\/2023\/02\/PolishJazz_big_on_white_no_glow-300x122.jpg 300w, https:\/\/thebeatfreaks.pl\/wp-content\/uploads\/2023\/02\/PolishJazz_big_on_white_no_glow-768x311.jpg 768w, https:\/\/thebeatfreaks.pl\/wp-content\/uploads\/2023\/02\/PolishJazz_big_on_white_no_glow-1536x622.jpg 1536w, https:\/\/thebeatfreaks.pl\/wp-content\/uploads\/2023\/02\/PolishJazz_big_on_white_no_glow-2048x830.jpg 2048w, https:\/\/thebeatfreaks.pl\/wp-content\/uploads\/2023\/02\/PolishJazz_big_on_white_no_glow-2000x810.jpg 2000w\" sizes=\"100vw\" \/>\t\t\t\t\t\t\t\t\t\t\t\t\t\t\t<\/div>\n\t\t\t\t<\/div>\n\t\t\t\t<div class=\"elementor-element elementor-element-79e0edf elementor-widget elementor-widget-text-editor\" data-id=\"79e0edf\" data-element_type=\"widget\" data-e-type=\"widget\" data-widget_type=\"text-editor.default\">\n\t\t\t\t<div class=\"elementor-widget-container\">\n\t\t\t\t\t\t\t\t\t<p>&#8221; mamy tutaj free jazz w czystej postaci (&#8230;) \u201cMechanics of Nature\u201d jest pozycj\u0105 wyj\u0105tkow\u0105, kt\u00f3rej warto da\u0107 szanse.<span class=\"Apple-converted-space\">\u00a0<br \/><br \/><\/span><\/p><p>Polish-Jazz &#8211; Szymon St\u0119pnik<\/p><p><span class=\"Apple-converted-space\">\u00a0<\/span><\/p>\t\t\t\t\t\t\t\t<\/div>\n\t\t\t\t<\/div>\n\t\t\t\t\t<\/div>\n\t\t<\/div>\n\t\t\t\t<div class=\"elementor-column elementor-col-33 elementor-inner-column elementor-element elementor-element-35fd246\" data-id=\"35fd246\" data-element_type=\"column\" data-e-type=\"column\">\n\t\t\t<div class=\"elementor-widget-wrap elementor-element-populated\">\n\t\t\t\t\t\t<div class=\"elementor-element elementor-element-852c48f elementor-widget elementor-widget-image\" data-id=\"852c48f\" data-element_type=\"widget\" data-e-type=\"widget\" data-widget_type=\"image.default\">\n\t\t\t\t<div class=\"elementor-widget-container\">\n\t\t\t\t\t\t\t\t\t\t\t\t\t\t\t<img loading=\"lazy\" decoding=\"async\" width=\"620\" height=\"300\" src=\"https:\/\/thebeatfreaks.pl\/wp-content\/uploads\/2025\/02\/JazzariumLogo-1.jpg\" class=\"attachment-large size-large wp-image-14612\" alt=\"\" srcset=\"https:\/\/thebeatfreaks.pl\/wp-content\/uploads\/2025\/02\/JazzariumLogo-1.jpg 620w, https:\/\/thebeatfreaks.pl\/wp-content\/uploads\/2025\/02\/JazzariumLogo-1-300x145.jpg 300w\" sizes=\"100vw\" \/>\t\t\t\t\t\t\t\t\t\t\t\t\t\t\t<\/div>\n\t\t\t\t<\/div>\n\t\t\t\t<div class=\"elementor-element elementor-element-9529ee6 elementor-widget elementor-widget-text-editor\" data-id=\"9529ee6\" data-element_type=\"widget\" data-e-type=\"widget\" data-widget_type=\"text-editor.default\">\n\t\t\t\t<div class=\"elementor-widget-container\">\n\t\t\t\t\t\t\t\t\t<p>Dla mnie \u201eMechanics of Nature\u201d to jeden z \u017celaznych kandydat\u00f3w do tytu\u0142u polskiej jazzowej p\u0142yty roku.<\/p><p>\u0141ukasz Iwasi\u0144ski &#8211; Jazzarium<\/p>\t\t\t\t\t\t\t\t<\/div>\n\t\t\t\t<\/div>\n\t\t\t\t\t<\/div>\n\t\t<\/div>\n\t\t\t\t\t<\/div>\n\t\t<\/section>\n\t\t\t\t\t<\/div>\n\t\t<\/div>\n\t\t\t\t\t<\/div>\n\t\t<\/section>\n\t\t\t\t<section class=\"elementor-section elementor-top-section elementor-element elementor-element-b7e864e elementor-section-stretched elementor-section-boxed elementor-section-height-default elementor-section-height-default\" data-id=\"b7e864e\" data-element_type=\"section\" data-e-type=\"section\" data-settings=\"{&quot;stretch_section&quot;:&quot;section-stretched&quot;,&quot;background_background&quot;:&quot;classic&quot;}\">\n\t\t\t\t\t\t<div class=\"elementor-container elementor-column-gap-default\">\n\t\t\t\t\t<div class=\"elementor-column elementor-col-100 elementor-top-column elementor-element elementor-element-0531084\" data-id=\"0531084\" data-element_type=\"column\" data-e-type=\"column\">\n\t\t\t<div class=\"elementor-widget-wrap elementor-element-populated\">\n\t\t\t\t\t\t<div class=\"elementor-element elementor-element-06b41a5 elementor-widget elementor-widget-video\" data-id=\"06b41a5\" data-element_type=\"widget\" data-e-type=\"widget\" data-settings=\"{&quot;youtube_url&quot;:&quot;https:\\\/\\\/www.youtube.com\\\/watch?v=tyDS83SJtBo&amp;t=1s&quot;,&quot;video_type&quot;:&quot;youtube&quot;,&quot;controls&quot;:&quot;yes&quot;}\" data-widget_type=\"video.default\">\n\t\t\t\t<div class=\"elementor-widget-container\">\n\t\t\t\t\t\t\t<div class=\"elementor-wrapper elementor-open-inline\">\n\t\t\t<div class=\"elementor-video\"><\/div>\t\t<\/div>\n\t\t\t\t\t\t<\/div>\n\t\t\t\t<\/div>\n\t\t\t\t<div class=\"elementor-element elementor-element-d2971a7 elementor-widget elementor-widget-video\" data-id=\"d2971a7\" data-element_type=\"widget\" data-e-type=\"widget\" data-settings=\"{&quot;youtube_url&quot;:&quot;https:\\\/\\\/www.youtube.com\\\/watch?v=yLODvuE3Uws&amp;t=1s&quot;,&quot;video_type&quot;:&quot;youtube&quot;,&quot;controls&quot;:&quot;yes&quot;}\" data-widget_type=\"video.default\">\n\t\t\t\t<div class=\"elementor-widget-container\">\n\t\t\t\t\t\t\t<div class=\"elementor-wrapper elementor-open-inline\">\n\t\t\t<div class=\"elementor-video\"><\/div>\t\t<\/div>\n\t\t\t\t\t\t<\/div>\n\t\t\t\t<\/div>\n\t\t\t\t<div class=\"elementor-element elementor-element-10331ca elementor-widget elementor-widget-video\" data-id=\"10331ca\" data-element_type=\"widget\" data-e-type=\"widget\" data-settings=\"{&quot;youtube_url&quot;:&quot;https:\\\/\\\/www.youtube.com\\\/watch?v=fE-oZIRQdzs&quot;,&quot;video_type&quot;:&quot;youtube&quot;,&quot;controls&quot;:&quot;yes&quot;}\" data-widget_type=\"video.default\">\n\t\t\t\t<div class=\"elementor-widget-container\">\n\t\t\t\t\t\t\t<div class=\"elementor-wrapper elementor-open-inline\">\n\t\t\t<div class=\"elementor-video\"><\/div>\t\t<\/div>\n\t\t\t\t\t\t<\/div>\n\t\t\t\t<\/div>\n\t\t\t\t\t<\/div>\n\t\t<\/div>\n\t\t\t\t\t<\/div>\n\t\t<\/section>\n\t\t\t\t<\/div>\n\t\t","protected":false},"excerpt":{"rendered":"<p>MECHANICS OF NATURE \u201cThere is a way that nature speaks, that land speaks. Most of the time we are simply not patient enough, quiet enough, to pay attention to the &hellip; <\/p>\n<p class=\"link-more\"><a href=\"https:\/\/thebeatfreaks.pl\/index.php\/mechanics\/\" class=\"more-link\">Read more<span class=\"screen-reader-text\"> &#8222;mechanics&#8221;<\/span><\/a><\/p>\n","protected":false},"author":1,"featured_media":14598,"parent":0,"menu_order":0,"comment_status":"closed","ping_status":"closed","template":"page-templates\/full-width-builder-bb.php","meta":{"ngg_post_thumbnail":0,"footnotes":""},"class_list":["post-14587","page","type-page","status-publish","has-post-thumbnail","hentry"],"jetpack-related-posts":[],"jetpack_sharing_enabled":true,"_links":{"self":[{"href":"https:\/\/thebeatfreaks.pl\/index.php\/wp-json\/wp\/v2\/pages\/14587","targetHints":{"allow":["GET"]}}],"collection":[{"href":"https:\/\/thebeatfreaks.pl\/index.php\/wp-json\/wp\/v2\/pages"}],"about":[{"href":"https:\/\/thebeatfreaks.pl\/index.php\/wp-json\/wp\/v2\/types\/page"}],"author":[{"embeddable":true,"href":"https:\/\/thebeatfreaks.pl\/index.php\/wp-json\/wp\/v2\/users\/1"}],"replies":[{"embeddable":true,"href":"https:\/\/thebeatfreaks.pl\/index.php\/wp-json\/wp\/v2\/comments?post=14587"}],"version-history":[{"count":22,"href":"https:\/\/thebeatfreaks.pl\/index.php\/wp-json\/wp\/v2\/pages\/14587\/revisions"}],"predecessor-version":[{"id":14615,"href":"https:\/\/thebeatfreaks.pl\/index.php\/wp-json\/wp\/v2\/pages\/14587\/revisions\/14615"}],"wp:featuredmedia":[{"embeddable":true,"href":"https:\/\/thebeatfreaks.pl\/index.php\/wp-json\/wp\/v2\/media\/14598"}],"wp:attachment":[{"href":"https:\/\/thebeatfreaks.pl\/index.php\/wp-json\/wp\/v2\/media?parent=14587"}],"curies":[{"name":"wp","href":"https:\/\/api.w.org\/{rel}","templated":true}]}}